 2) to base 4.
113131321320
Convert -522414250 (base 6) to base 12.
-3061386
-111010000100101010111 (base 2) to base 11
-108a781
What is -1020110020222 (base 3) in base 7?
-5411516
Convert 15237846 (base 9) to base 6.
430313540
Convert -1010011001111011011100 (base 2) to base 15.
-38d2ce
Convert 202210210201 (base 3) to base 11.
25a783
Convert -131c61 (base 14) to base 11.
-40a612
-3665745 (base 8) to base 10
-1010661
What is -10001212201 (base 3) in base 2?
-1110110000000010
Convert 20101122001120 (base 3) to base 4.
30331210113
What is 136812 (base 9) in base 14?
22753
Convert -504200 (base 12) to base 8.
-4614040
What is c7b41 (base 16) in base 2?
11000111101101000001
Convert 2509477 (base 10) to base 7.
30221155
-2222011222200 (base 3) to base 15
-212986
What is 1101010110111110010 (base 2) in base 9?
736424
What is 11010101 (base 5) in base 8?
270301
What is -110000111111010001111 (base 2) in base 14?
-2db019
-360333 (base 9) to base 8
-647322
What is 490897 (base 11) in base 2?
10111101101101010111
Convert 100122212220110 (base 3) to base 2.
10011100101101010011111
42069 (base 15) to base 16
331c5
What is -6795a7 (base 12) in base 15?
-22a37d
202000032123 (base 4) to base 13
1b01365
-5af09a (base 16) to base 4
-112233002122
What is 21a50 (base 13) in base 2?
1110111010010010
What is -2022022220020 (base 3) in base 6?
-42143440
106274 (base 9) to base 7
353401
Convert -1410031 (base 8) to base 2.
-1100001000000011001
Convert -35753602 (base 8) to base 15.
-a5216e
Convert 35643235 (base 8) to base 14.
10769d3
Convert 117796 (base 12) to base 7.
2255310
-130604025 (base 7) to base 14
-1170715
What is -10110011101001101000100 (base 2) in base 13?
-12b160b
-14451434 (base 7) to base 15
-1c215b
Convert -1312551 (base 7) to base 6.
-3401410
Convert 1001110010110100110010 (base 2) to base 10.
2567474
What is 23115130 (base 6) in base 8?
2552636
-3244568 (base 9) to base 6
-101201012
Convert 11101001101 (base 2) to base 4.
131031
What is -54310402 (base 6) in base 2?
-110001001010101000010
110142 (base 12) to base 4
1001313002
-cb76 (base 16) to base 10
-52086
Convert -269bcb (base 13) to base 9.
-1675543
What is -7750415 (base 8) in base 7?
-23503051
What is 145424 (base 12) in base 7?
2620141
What is 200312001 (base 4) in base 5?
13301104
What is 30041323 (base 5) in base 10?
237088
50224 (base 10) to base 5
3101344
What is 3028c (base 15) in base 10?
152457
What is 10010111001001100001101 (base 2) in base 11?
2883167
-2180b (base 13) to base 16
-ed0a
What is -13140042132 (base 5) in base 9?
-33650723
Convert -1a728a (base 11) to base 5.
-40121433
What is -254859 (base 12) in base 3?
-1010222001020
Convert 29b5d (base 14) to base 11.
70a64
-11000010000001001111000 (base 2) to base 16
-610278
-153543424 (base 6) to base 8
-14347210
56320223 (base 7) to base 12
177356b
1021222210112 (base 3) to base 6
22432405
-81684 (base 11) to base 10
-119277
What is -1203232012 (base 4) in base 3?
-202202021221
Convert 17833 (base 12) to base 6.
421303
Convert -28c55 (base 15) to base 3.
-20122201222
What is 14914a (base 11) in base 13?
81655
Convert 10000100011100110010 (base 2) to base 6.
15343350
Convert -1014214314 (base 5) to base 7.
-23600655
Convert -55445264 (base 7) to base 11.
-2778863
What is -1630374 (base 8) in base 4?
-1303003330
What is 100111001001110001111000 (base 2) in base 14?
1512596
-10100010011101101 (base 2) to base 6
-1441033
What is 1e5b9b (base 15) in base 8?
5531405
Convert 2522443 (base 6) to base 4.
201003123
Convert 567c51 (base 16) to base 14.
a777d7
What is -1112020121000 (base 3) in base 16?
-c6321
What is -32061374 (base 8) in base 16?
-6862fc
What is 3914c (base 16) in base 14?
612c4
What is 5510dd (base 14) in base 7?
33341366
Convert -3c4407 (base 13) to base 3.
-2202111002100
Convert 2211200210 (base 3) to base 2.
1101101001100111
Convert -200011303313 (base 4) to base 6.
-500150155
545221533 (base 6) to base 3
200101100110110
-150227 (base 9) to base 14
-25785
31433353 (base 6) to base 14
1a0149
What is -52566 (base 7) in base 10?
-12984
c7287 (base 14) to base 5
110340321
What is -7123040 (base 9) in base 4?
-32132120301
478a (base 15) to base 8
35545
What is -3c317 (base 14) in base 15?
-2e140
-50007 (base 10) to base 2
-1100001101010111
2b00f (base 16) to base 13
62236
-40401431 (base 5) to base 10
-325241
-10000100011100101010 (base 2) to base 5
-114330011
Convert -1121132332 (base 4) to base 11.
-230416
Convert -15752325 (base 10) to base 7.
-250615101
Convert -330012434 (base 5) to base 8.
-5274414
-45c36 (base 15) to base 6
-4432210
What is 68657 (base 16) in base 6?
13055355
What is 41772772 (base 8) in base 9?
17680606
What is -234250 (base 7) in base 14?
-115d0
-1202112121021 (base 3) to base 13
-269bc6
What is -16ac8 (base 14) in base 4?
-31322320
Convert -126408 (base 11) to base 10.
-198811
Convert 265779 (base 12) to base 7.
5241021
85965 (base 10) to base 8
247715
What is -1395780 (base 10) in base 8?
-5246104
-372147 (base 13) to base 3
-2110222112200
Convert 17435 (base 12) to base 3.
1200212212
Convert -20101012021 (base 3) to base 2.
-11110101001011010
Convert -35021141 (base 6) to base 12.
-43a7b1
What is 613107 (base 10) in base 11?
389700
What is -13211011 (base 4) in base 9?
-46524
Convert 5826287 (base 11) to base 16.
9b648a
-18cbe (base 16) to base 2
-11000110010111110
What is -404214311 (base 5) in base 12?
-668860
What is 20100101110112 (base 3) in base 4?
30313211231
4461142 (base 7) to base 9
1032077
-100011210121 (base 3) to base 6
-3512154
Convert 822699 (base 13) to base 8.
13443650
Convert 1849328 (base 11) to base 4.
23330120121
What is 2499cc (base 14) in base 5?
310142302
Convert 5234422 (base 6) to base 10.
253742
Convert 20340626 (base 7) to base 14.
32634d
-66375 (base 10) to base 3
-10101001100
What is 16630724 (base 8) in base 12?
1371018
Convert 48ed6 (base 15) to base 5.
24422401
What is 132210223 (base 4) in base 2?
11110100100101011
Convert 219201 (base 13) to base 6.
24543123
What is 102320244 (base 5) in base 8?
1514676
-100110111111110000110 (base 2) to base 13
-359818
Convert -328296 (base 11) to base 16.
-7fca6
22ad (base 14) to base 10
6033
What is -100000111011011101 (base 2) in base 14?
-37221
Convert 61023052 (base 7) to base 6.
300320011
Convert 154913 (base 12) to base 13.
c826b
What is 182713 (base 9) in base 10?
113574
1001323443 (base 6) to base 14
14c353d
-44332245 (base 6) to base 8
-5055545
Convert 541344 (base 6) to base 10.
44416
What is -1023320313 (base 4) in base 9?
-523346
Convert -111202021012 (base 4) to base 2.
-10101100010001001000110
What is 111200221011 (base 3) in base 16?
41d70
What is -21433036 (base 8) in base 10?
-4601374
310423431 (base 6) to base 3
101001222100001
-1213111301 (base 5) to base 2
-1010111011000011011110
What is 11011110111100110 (base 2) in base 11?
78843
Convert 64284 (base 11) to base 6.
2000520
b83112 (base 12) to base 7
33502151
-62a960 (base 12) to base 9
-2826420
23111764 (base 8) to base 3
100102222020112
-4614e3 (base 16) to base 7
-54016166
Convert 28d45 (base 14) to base 13.
371c6
Convert 121200010012002 (base 3) to base 9.
17603162
13d1222 (base 14) to base 5
4432124312
-bd01a (base 16) to base 15
-1045b5
What is 10501633 (base 7) in base 5?
213030424
What is -4600633 (base 7) in base 3?
-1002001022011
Convert 141d1a (base 14) to base 5.
134244204
What is -617440 (base 9) in base 6?
-11503530
Convert -1123431410 (base 5) to base 3.
-11211010200122
What is -1bc913 (base 13) in base 7?
-6030532
Convert 56c9ab (base 13) to base 9.
3773085
What is a98b2 (base 16) in base 12?
295a6a
Convert -20660646 (base 9) to base 12.
-3403b66
Convert -327751 (base 10) to base 14.
-8762b
What is -2b6900 (base 15) in base 6?
-112544300
Convert 3b6d5 (base 15) to base 4.
232201112
What is 16826306 (base 9) in base 11?
485a492
Convert 2021571 (base 8) to base 6.
15233145
Convert -21033201 (base 5) to base 15.
-3691b
3222a (base 12) to base 10
65986
What is 1031140 (base 6) in base 10?
50820
Convert -10121221210 (base 3) to base 14.
-1c049
-39573 (base 10) to base 9
-60250
What is -53112015 (base 6) in base 8?
-5721553
732b77 (base 15) to base 4
110321013211
What is 111133121002 (base 4) in base 6?
320425254
-3223583 (base 9) to bas